{"id":264,"date":"2024-07-22T11:40:02","date_gmt":"2024-07-22T10:40:02","guid":{"rendered":"http:\/\/147.135.210.225\/?page_id=264"},"modified":"2024-07-22T11:48:33","modified_gmt":"2024-07-22T10:48:33","slug":"ppginfo2-nieprodukowane","status":"publish","type":"page","link":"http:\/\/flyelectronics.eu\/index.php\/produkty\/ppginfo2-nieprodukowane\/","title":{"rendered":"PPGinfo2 (nieprodukowane)"},"content":{"rendered":"\n<div class=\"wp-block-columns alignwide is-layout-flex wp-container-core-columns-is-layout-28f84493 wp-block-columns-is-layout-flex\">\n<div class=\"wp-block-column is-layout-flow wp-block-column-is-layout-flow\">\n<figure class=\"wp-block-image aligncenter size-full\"><img loading=\"lazy\" decoding=\"async\" width=\"521\" height=\"134\" src=\"http:\/\/147.135.210.225\/wp-content\/uploads\/2024\/07\/ppginfo2.png\" alt=\"\" class=\"wp-image-265\" srcset=\"http:\/\/flyelectronics.eu\/wp-content\/uploads\/2024\/07\/ppginfo2.png 521w, http:\/\/flyelectronics.eu\/wp-content\/uploads\/2024\/07\/ppginfo2-300x77.png 300w\" sizes=\"auto, (max-width: 521px) 100vw, 521px\" \/><\/figure>\n\n\n\n<pre class=\"wp-block-preformatted\">Z dum\u0105 prezentujemy nasze kolejne dziecko oparte o technologi\u0119 bezprzewodow\u0105 - PPGinfo 2. Nasz nowy produkt kierowany jest do klient\u00f3w kt\u00f3rzy nie potrzebuj\u0105 zintegrowanego GPSu,Wysoko\u015bciomierza i kontrolera silnia - a chc\u0105 mie\u0107 tylko ten ostatni - monitor silnika. Dzi\u0119ki takiemu podej\u015bciu mogli\u015bmy mocno ograniczy\u0107 cen\u0119 urz\u0105dzenia oraz wype\u0142ni\u0107 luk\u0119 w naszym asortymencie.<\/pre>\n\n\n\n<figure class=\"wp-block-image aligncenter size-full is-resized\"><img loading=\"lazy\" decoding=\"async\" width=\"950\" height=\"598\" src=\"http:\/\/147.135.210.225\/wp-content\/uploads\/2024\/07\/ppg2.png\" alt=\"\" class=\"wp-image-267\" style=\"width:500px\" srcset=\"http:\/\/flyelectronics.eu\/wp-content\/uploads\/2024\/07\/ppg2.png 950w, http:\/\/flyelectronics.eu\/wp-content\/uploads\/2024\/07\/ppg2-300x189.png 300w, http:\/\/flyelectronics.eu\/wp-content\/uploads\/2024\/07\/ppg2-768x483.png 768w\" sizes=\"auto, (max-width: 950px) 100vw, 950px\" \/><\/figure>\n\n\n\n<pre class=\"wp-block-preformatted\">Urz\u0105dzenie posiada wi\u0119kszy wy\u015bwietlacz od swoich poprzednik\u00f3w z serii PPGinfo, oraz pod\u015bwietlenie wy\u015bwietlacza. Wielko\u015b\u0107 jego czcionki jest por\u00f3wnywalna z innymi rozwi\u0105zaniami dost\u0119pnymi na rynku - dzi\u0119ki czemu zapewnia doskona\u0142\u0105 widoczno\u015b\u0107 nawet dla os\u00f3b o nieco gorszym wzroku.<br><br> <br><br>Czym wyr\u00f3\u017cnia si\u0119 nasz produkt:<br><br>Kompaktowe wymiary - przy zachowaniu du\u017cego wy\u015bwietlacza,<br>W standardzie dostajesz urz\u0105dzenie wyposa\u017cone w zasilanie z wbudowanych akumulator\u00f3w - koniec z kupowaniem baterii (lubimy ekologiczne rozwi\u0105zania),<br>Brak kabli - Teraz po\u0142\u0105czenie pomi\u0119dzy nap\u0119dem a odbiornikiem jest bezprzewodowe - dzi\u0119ki czemu wyeliminowali\u015bmy awaryjno\u015b\u0107 kabli po\u0142\u0105czeniowych,<br>Sp\u00f3jna budowa - jest jeden nadajnik i jeden bezprzewodowy wy\u015bwietlacz\/odbiornik ! ( M\u00f3wimy nie skomplikowanym systemom z\u0142o\u017conym z kabli,pod\u0142\u0105cze\u0144,zacisk\u00f3w, i nie wiadomo czego jeszcze ),<br>Prosty interfejs u\u017cytkownika - urz\u0105dzenie gotowe do pracy natychmiast po zakupie,<br>Konkurencyjna cena !<br> <br><br> <br><br>Co oferuje urz\u0105dzenie:<br><br>- Pomiar obrot\u00f3w silnika - 250-16000 obrot\u00f3w na minut\u0119,<br><br>- Temperatura g\u0142owicy silnika CHT - 0st.C - +900st.C (tak wiem tak gor\u0105cej g\u0142owicy nie b\u0119dziecie mieli - nie mniej jednak mo\u017cecie pod\u0142\u0105czy\u0107 do urz\u0105dzenia 2 czujniki EGT),<br><br>- Temperatura gaz\u00f3w wylotowych EGT  - 0st.C - +900st.C,<br><br>- Temperatura zewn\u0119trzna -15 - + 50st.C,<br><br>- Licznik czasu obecnego lotu - 00h 00m -> 23h 59m<br><br>- Licznik nalotu nap\u0119du - do 999h<br><br>- Wska\u017anik poziomu paliwa (wsp\u00f3\u0142pracuje z dowolnym czujnikiem paliwa o oporno\u015bci 240-30 Ohm)- 0-100%,<br><br>- Wska\u017anik rezerwy paliwa (zamiennie do wska\u017anika poziomu paliwa),<br><br>- Zegar,<br><br> <br><br>Dodatkowo w urz\u0105dzeniu mo\u017cna ustawi\u0107 alarmy :<br><br><br>- Przekroczenia zadanych obrot\u00f3w (alarm poprzez diod\u0119 na odbiorniku),<br><br>- Przekroczenia zadanej temperatury na wej\u015bciu CHT,<br><br>- Przekroczenia zadanej temperatury na wej\u015bcu EGT,<br><br>- Alarm niskiego stanu paliwa (* w przygotowaniu),<\/pre>\n<\/div>\n<\/div>\n\n\n\n<p><\/p>\n","protected":false},"excerpt":{"rendered":"<p>Z dum\u0105 prezentujemy nasze kolejne dziecko oparte o technologi\u0119 bezprzewodow\u0105 &#8211; PPGinfo 2. Nasz nowy produkt kierowany jest do klient\u00f3w kt\u00f3rzy nie potrzebuj\u0105 zintegrowanego GPSu,Wysoko\u015bciomierza i kontrolera silnia &#8211; a chc\u0105 mie\u0107 tylko ten ostatni &#8211; monitor silnika. Dzi\u0119ki takiemu podej\u015bciu mogli\u015bmy mocno ograniczy\u0107 cen\u0119 urz\u0105dzenia oraz wype\u0142ni\u0107 luk\u0119 w naszym asortymencie. Urz\u0105dzenie posiada wi\u0119kszy [&hellip;]<\/p>\n","protected":false},"author":1,"featured_media":0,"parent":69,"menu_order":5,"comment_status":"closed","ping_status":"closed","template":"page-no-title","meta":{"footnotes":""},"class_list":["post-264","page","type-page","status-publish","hentry"],"_links":{"self":[{"href":"http:\/\/flyelectronics.eu\/index.php\/wp-json\/wp\/v2\/pages\/264","targetHints":{"allow":["GET"]}}],"collection":[{"href":"http:\/\/flyelectronics.eu\/index.php\/wp-json\/wp\/v2\/pages"}],"about":[{"href":"http:\/\/flyelectronics.eu\/index.php\/wp-json\/wp\/v2\/types\/page"}],"author":[{"embeddable":true,"href":"http:\/\/flyelectronics.eu\/index.php\/wp-json\/wp\/v2\/users\/1"}],"replies":[{"embeddable":true,"href":"http:\/\/flyelectronics.eu\/index.php\/wp-json\/wp\/v2\/comments?post=264"}],"version-history":[{"count":2,"href":"http:\/\/flyelectronics.eu\/index.php\/wp-json\/wp\/v2\/pages\/264\/revisions"}],"predecessor-version":[{"id":268,"href":"http:\/\/flyelectronics.eu\/index.php\/wp-json\/wp\/v2\/pages\/264\/revisions\/268"}],"up":[{"embeddable":true,"href":"http:\/\/flyelectronics.eu\/index.php\/wp-json\/wp\/v2\/pages\/69"}],"wp:attachment":[{"href":"http:\/\/flyelectronics.eu\/index.php\/wp-json\/wp\/v2\/media?parent=264"}],"curies":[{"name":"wp","href":"https:\/\/api.w.org\/{rel}","templated":true}]}}