{"id":269,"date":"2024-07-22T11:48:12","date_gmt":"2024-07-22T10:48:12","guid":{"rendered":"http:\/\/147.135.210.225\/?page_id=269"},"modified":"2024-07-22T11:51:28","modified_gmt":"2024-07-22T10:51:28","slug":"ppginfo-black-nieprodukowany","status":"publish","type":"page","link":"http:\/\/flyelectronics.eu\/index.php\/produkty\/ppginfo-black-nieprodukowany\/","title":{"rendered":"PPGinfo Black (nieprodukowany)"},"content":{"rendered":"\n<div class=\"wp-block-columns alignwide is-layout-flex wp-container-core-columns-is-layout-28f84493 wp-block-columns-is-layout-flex\">\n<div class=\"wp-block-column is-layout-flow wp-block-column-is-layout-flow\">\n<figure class=\"wp-block-image aligncenter size-full\"><img loading=\"lazy\" decoding=\"async\" width=\"543\" height=\"94\" src=\"http:\/\/147.135.210.225\/wp-content\/uploads\/2024\/07\/ppginfo.png\" alt=\"\" class=\"wp-image-270\" srcset=\"http:\/\/flyelectronics.eu\/wp-content\/uploads\/2024\/07\/ppginfo.png 543w, http:\/\/flyelectronics.eu\/wp-content\/uploads\/2024\/07\/ppginfo-300x52.png 300w\" sizes=\"auto, (max-width: 543px) 100vw, 543px\" \/><\/figure>\n\n\n\n<pre class=\"wp-block-preformatted\">Po wielu godzinach ci\u0119\u017ckiej pracy, obmy\u015blania i opracowywania kolejnej wersji naszego \"ma\u0142ego komputera pok\u0142adowego\" do nap\u0119du PPG w 2010 roku zaprezentowali\u015bmy wam ten produkt. Oto jak wygl\u0105da :<br><br><\/pre>\n\n\n\n<figure class=\"wp-block-image aligncenter size-full\"><img loading=\"lazy\" decoding=\"async\" width=\"436\" height=\"310\" src=\"http:\/\/147.135.210.225\/wp-content\/uploads\/2024\/07\/ppginfoblack.png\" alt=\"\" class=\"wp-image-271\" srcset=\"http:\/\/flyelectronics.eu\/wp-content\/uploads\/2024\/07\/ppginfoblack.png 436w, http:\/\/flyelectronics.eu\/wp-content\/uploads\/2024\/07\/ppginfoblack-300x213.png 300w\" sizes=\"auto, (max-width: 436px) 100vw, 436px\" \/><\/figure>\n\n\n\n<pre class=\"wp-block-preformatted\">Przy budowie nowej wersji uwzgl\u0119dnili\u015bmy wszystkie pro\u015bby i podpowiedzi sp\u0142ywaj\u0105ce do nas od u\u017cytkownik\u00f3w wcze\u015bniejszych produkt\u00f3w. Dzi\u0119ki temu nie tylko rozszerzyli\u015bmy funkcjonalno\u015b\u0107 urz\u0105dzenia, ale te\u017c poprawili\u015bmy pewne niedoci\u0105gni\u0119cia poprzedniej wersji. W tym miejscu pragniemy podzi\u0119kowa\u0107 za mi\u0142e s\u0142owa kt\u00f3re sp\u0142ywa\u0142y do nas od u\u017cytkownik\u00f3w. PPGinfo Black - bo tak nazwali\u015bmy now\u0105 wersj\u0119 urz\u0105dzenia, posiada szereg funkcji znanych z poprzedniej wersji oraz kilka unowocze\u015bnie\u0144, z kt\u00f3rych najwa\u017cniejsze to:<br><br>\u2022 Wbudowany akumulator - dzi\u0119ki czemu nie musisz pod\u0142\u0105cza\u0107 zewn\u0119trznej baterii,<br><br>\u2022 Monitorowanie stanu na\u0142adowania akumulatora oraz wbudowana \u0142adowarka,<br><br>\u2022 Wsp\u00f3\u0142praca z wieloma systemami zap\u0142onowymi (w tym 4 suwowym),<br><br>\u2022 Odczyt temperatur z 2 czujnik\u00f3w* z dok\u0142adno\u015bci\u0105 do 1st.C,<br><br>\u2022 Pomiar obrot\u00f3w silnika,<br><br>\u2022 Pomiar przepracowanych motogodzin nap\u0119du,<br><br>\u2022 Pomiar aktualnego czasu pracy nap\u0119du,<br><br>\u2022 Zaawansowany algorytm estymacji sekwencyjnej ilo\u015bci pozosta\u0142ego paliwa,<br><br>\u2022 Mo\u017cliwo\u015b\u0107 pod\u0142\u0105czenia czujnika poziomu paliwa firmy WEMA,<br><br>\u2022 Mo\u017cliwo\u015b\u0107 pod\u0142\u0105czenia czujnika rezerwy paliwa,<br><br>\u2022 Mo\u017cliwo\u015b\u0107 ustawienia rodzaju czujnika paliwa,<br><br>\u2022 Pomiar temperatury zewn\u0119trznej,<br><br>\u2022 Ksi\u0105\u017cka lot\u00f3w - zapisuje d\u0142ugo\u015b\u0107 ostatnich 20 lot\u00f3w,<br><br>\u2022 Auto wy\u0142\u0105czenie - po wykryciu braku obrot\u00f3w silnika,<br><br>\u2022 Alarm czasu lotu,<br><br>\u2022 Alarm temperatury ( z obu czujnik\u00f3w ),<br><br>\u2022 Sterowanie zewn\u0119trzn\u0105 diod\u0105 alarmow\u0105,<br><br>\u2022 Mo\u017cliwo\u015b\u0107 przystosowania po\u0142o\u017cenia parametr\u00f3w na wy\u015bwietlaczu (2 pulpity po 4 informacje)<br><br>\u2022 Zegar<br><br>\u2022 W pe\u0142ni cyfrowe sterowanie zasilaniem urz\u0105dzenia - \"mi\u0119kkie sterowanie\" w\u0142\u0105czeniem i wy\u0142\u0105czeniem,<br><br>\u2022 Mo\u017cliwo\u015b\u0107 pod\u0142\u0105czenia do komputera PC oraz aktualizacji oprogramowania,<br><br>\u2022 Zapisywanie parametr\u00f3w lotu (takich jak obroty,temperatury,poziom paliwa) i mo\u017cliwo\u015b\u0107 p\u00f3\u017aniejszej wizualizacji na komputerze PC,<br><br>\u2022 Niewielkie zu\u017cycie energii,<br><br>\u2022 Zwarta, wytrzyma\u0142a, a przy tym niewielka obudowa oraz wytrzyma\u0142e, profesjonalne z\u0142\u0105cze,<br><br>\u2022 Zwi\u0119kszona wytrzyma\u0142o\u015b\u0107 przewod\u00f3w pod\u0142\u0105czeniowych,<br><br>\u2022 Obudowa koloru czarnego,<br><br> <br><br>A to tylko niekt\u00f3re z widocznych zmian... Najwi\u0119ksz\u0105 zmian\u0105 w naszym urz\u0105dzeniu jest dodanie wewn\u0119trznej pami\u0119ci oraz programu diagnostycznego, dzi\u0119ki czemu b\u0119dziesz m\u00f3g\u0142 przetestowa\u0107 sw\u00f3j nap\u0119d. Oto kilka przyk\u0142adowych zrzut\u00f3w ekranu z naszego oprogramowania:<br><br>Wykres 2D dla silnika Snap 100:<br><br><\/pre>\n\n\n\n<figure class=\"wp-block-image size-full\"><img loading=\"lazy\" decoding=\"async\" width=\"600\" height=\"416\" src=\"http:\/\/147.135.210.225\/wp-content\/uploads\/2024\/07\/screen22222.jpg\" alt=\"\" class=\"wp-image-273\" srcset=\"http:\/\/flyelectronics.eu\/wp-content\/uploads\/2024\/07\/screen22222.jpg 600w, http:\/\/flyelectronics.eu\/wp-content\/uploads\/2024\/07\/screen22222-300x208.jpg 300w\" sizes=\"auto, (max-width: 600px) 100vw, 600px\" \/><\/figure>\n\n\n\n<figure class=\"wp-block-image alignright size-full\"><img loading=\"lazy\" decoding=\"async\" width=\"600\" height=\"418\" src=\"http:\/\/147.135.210.225\/wp-content\/uploads\/2024\/07\/screen-22.jpg\" alt=\"\" class=\"wp-image-272\" srcset=\"http:\/\/flyelectronics.eu\/wp-content\/uploads\/2024\/07\/screen-22.jpg 600w, http:\/\/flyelectronics.eu\/wp-content\/uploads\/2024\/07\/screen-22-300x209.jpg 300w\" sizes=\"auto, (max-width: 600px) 100vw, 600px\" \/><\/figure>\n\n\n\n<pre class=\"wp-block-preformatted\"><\/pre>\n\n\n\n<div style=\"height:43px\" aria-hidden=\"true\" class=\"wp-block-spacer\"><\/div>\n\n\n\n<pre class=\"wp-block-preformatted\">Ponadto zdecydowali\u015bmy si\u0119 na produkcj\u0119 kilku wersji urz\u0105dzenia, aby ka\u017cdy z u\u017cytkownik\u00f3w m\u00f3g\u0142 dopasowa\u0107 PPGinfo do swoich potrzeb. Oto dost\u0119pne wersje urz\u0105dzenia :<\/pre>\n\n\n\n<pre class=\"wp-block-preformatted\"><\/pre>\n\n\n\n<figure class=\"wp-block-image aligncenter size-full\"><img loading=\"lazy\" decoding=\"async\" width=\"600\" height=\"326\" src=\"http:\/\/147.135.210.225\/wp-content\/uploads\/2024\/07\/9_12_11_11_50_50Wersje_pl.jpg\" alt=\"\" class=\"wp-image-274\" srcset=\"http:\/\/flyelectronics.eu\/wp-content\/uploads\/2024\/07\/9_12_11_11_50_50Wersje_pl.jpg 600w, http:\/\/flyelectronics.eu\/wp-content\/uploads\/2024\/07\/9_12_11_11_50_50Wersje_pl-300x163.jpg 300w\" sizes=\"auto, (max-width: 600px) 100vw, 600px\" \/><\/figure>\n\n\n\n<pre class=\"wp-block-preformatted\">Mamy nadziej\u0119, \u017ce nasz nowy produkt przypadnie Pa\u0144stwu do gustu oraz spe\u0142ni wszystkie oczekiwania. Jak zwykle czekamy na wszelkie komentarze i konstruktywn\u0105 krytyk\u0119 z Waszej strony. \n\n <\/pre>\n\n\n\n<p><\/p>\n<\/div>\n<\/div>\n\n\n\n<p><\/p>\n","protected":false},"excerpt":{"rendered":"<p>Po wielu godzinach ci\u0119\u017ckiej pracy, obmy\u015blania i opracowywania kolejnej wersji naszego &#8222;ma\u0142ego komputera pok\u0142adowego&#8221; do nap\u0119du PPG w 2010 roku zaprezentowali\u015bmy wam ten produkt. Oto jak wygl\u0105da : Przy budowie nowej wersji uwzgl\u0119dnili\u015bmy wszystkie pro\u015bby i podpowiedzi sp\u0142ywaj\u0105ce do nas od u\u017cytkownik\u00f3w wcze\u015bniejszych produkt\u00f3w. Dzi\u0119ki temu nie tylko rozszerzyli\u015bmy funkcjonalno\u015b\u0107 urz\u0105dzenia, ale te\u017c poprawili\u015bmy pewne [&hellip;]<\/p>\n","protected":false},"author":1,"featured_media":0,"parent":69,"menu_order":50,"comment_status":"closed","ping_status":"closed","template":"page-no-title","meta":{"footnotes":""},"class_list":["post-269","page","type-page","status-publish","hentry"],"_links":{"self":[{"href":"http:\/\/flyelectronics.eu\/index.php\/wp-json\/wp\/v2\/pages\/269","targetHints":{"allow":["GET"]}}],"collection":[{"href":"http:\/\/flyelectronics.eu\/index.php\/wp-json\/wp\/v2\/pages"}],"about":[{"href":"http:\/\/flyelectronics.eu\/index.php\/wp-json\/wp\/v2\/types\/page"}],"author":[{"embeddable":true,"href":"http:\/\/flyelectronics.eu\/index.php\/wp-json\/wp\/v2\/users\/1"}],"replies":[{"embeddable":true,"href":"http:\/\/flyelectronics.eu\/index.php\/wp-json\/wp\/v2\/comments?post=269"}],"version-history":[{"count":1,"href":"http:\/\/flyelectronics.eu\/index.php\/wp-json\/wp\/v2\/pages\/269\/revisions"}],"predecessor-version":[{"id":275,"href":"http:\/\/flyelectronics.eu\/index.php\/wp-json\/wp\/v2\/pages\/269\/revisions\/275"}],"up":[{"embeddable":true,"href":"http:\/\/flyelectronics.eu\/index.php\/wp-json\/wp\/v2\/pages\/69"}],"wp:attachment":[{"href":"http:\/\/flyelectronics.eu\/index.php\/wp-json\/wp\/v2\/media?parent=269"}],"curies":[{"name":"wp","href":"https:\/\/api.w.org\/{rel}","templated":true}]}}