{"id":276,"date":"2024-07-22T11:50:49","date_gmt":"2024-07-22T10:50:49","guid":{"rendered":"http:\/\/147.135.210.225\/?page_id=276"},"modified":"2024-07-22T11:51:19","modified_gmt":"2024-07-22T10:51:19","slug":"system-monitorowania-pojazow","status":"publish","type":"page","link":"http:\/\/flyelectronics.eu\/index.php\/produkty\/system-monitorowania-pojazow\/","title":{"rendered":"System monitorowania pojaz\u00f3w"},"content":{"rendered":"\n<div class=\"wp-block-columns alignwide is-layout-flex wp-container-core-columns-is-layout-28f84493 wp-block-columns-is-layout-flex\">\n<div class=\"wp-block-column is-layout-flow wp-block-column-is-layout-flow\">\n<figure class=\"wp-block-image aligncenter size-full\"><img loading=\"lazy\" decoding=\"async\" width=\"375\" height=\"64\" src=\"http:\/\/147.135.210.225\/wp-content\/uploads\/2024\/07\/monitoring.png\" alt=\"\" class=\"wp-image-277\" srcset=\"http:\/\/flyelectronics.eu\/wp-content\/uploads\/2024\/07\/monitoring.png 375w, http:\/\/flyelectronics.eu\/wp-content\/uploads\/2024\/07\/monitoring-300x51.png 300w\" sizes=\"auto, (max-width: 375px) 100vw, 375px\" \/><\/figure>\n<\/div>\n<\/div>\n\n\n\n<pre class=\"wp-block-preformatted\">Projekt realizowany by\u0142 w latach 2000-2004 <br>Byli\u015bmy g\u0142\u00f3wnym wykonawc\u0105 urz\u0105dzenia telemetrycznego dla pewnego potentata na rynku monitoringu GPS\/GPRS pojazd\u00f3w.<br><br>I jako \u017ce urz\u0105dzenia te spisuj\u0105 si\u0119 \u015bwietnie postanowili\u015bmy zaoferowa\u0107 klientom dost\u0119p do tego typu us\u0142ugi poprzez stron\u0119 internetow\u0105.<br><br> <br><br>GPS-24.pl<br> <br><br>Klienci kt\u00f3rzy posiadaj\u0105 wykupion\u0105 us\u0142ug\u0119 i zamontowane urz\u0105dzenie mog\u0105 zawsze sprawdzi\u0107 gdzie znajdowa\u0142 si\u0119 ich pojazd, gdzie znajduje si\u0119 obecnie.<br><br>Monitorowane s\u0105 tak\u017ce takie parametry jak poziom paliwa czy przebieg.<br><br>Uk\u0142ad taki pozwala nie tylko kontrolowa\u0107 pracownik\u00f3w ale tak\u017ce pozwala na dok\u0142adn\u0105 analiz\u0119 w\u0142asnych wydatk\u00f3w zwi\u0105zanych z pojazdem.<br><br>Oto kilka zdj\u0119\u0107 systemu:<\/pre>\n\n\n\n<figure class=\"wp-block-image size-full\"><img loading=\"lazy\" decoding=\"async\" width=\"800\" height=\"506\" src=\"http:\/\/147.135.210.225\/wp-content\/uploads\/2024\/07\/monitoring2.png\" alt=\"\" class=\"wp-image-278\" srcset=\"http:\/\/flyelectronics.eu\/wp-content\/uploads\/2024\/07\/monitoring2.png 800w, http:\/\/flyelectronics.eu\/wp-content\/uploads\/2024\/07\/monitoring2-300x190.png 300w, http:\/\/flyelectronics.eu\/wp-content\/uploads\/2024\/07\/monitoring2-768x486.png 768w\" sizes=\"auto, (max-width: 800px) 100vw, 800px\" \/><\/figure>\n\n\n\n<figure class=\"wp-block-image size-full\"><img loading=\"lazy\" decoding=\"async\" width=\"800\" height=\"336\" src=\"http:\/\/147.135.210.225\/wp-content\/uploads\/2024\/07\/monitoring3.png\" alt=\"\" class=\"wp-image-279\" srcset=\"http:\/\/flyelectronics.eu\/wp-content\/uploads\/2024\/07\/monitoring3.png 800w, http:\/\/flyelectronics.eu\/wp-content\/uploads\/2024\/07\/monitoring3-300x126.png 300w, http:\/\/flyelectronics.eu\/wp-content\/uploads\/2024\/07\/monitoring3-768x323.png 768w\" sizes=\"auto, (max-width: 800px) 100vw, 800px\" \/><\/figure>\n","protected":false},"excerpt":{"rendered":"<p>Projekt realizowany by\u0142 w latach 2000-2004 Byli\u015bmy g\u0142\u00f3wnym wykonawc\u0105 urz\u0105dzenia telemetrycznego dla pewnego potentata na rynku monitoringu GPS\/GPRS pojazd\u00f3w.I jako \u017ce urz\u0105dzenia te spisuj\u0105 si\u0119 \u015bwietnie postanowili\u015bmy zaoferowa\u0107 klientom dost\u0119p do tego typu us\u0142ugi poprzez stron\u0119 internetow\u0105. GPS-24.pl Klienci kt\u00f3rzy posiadaj\u0105 wykupion\u0105 us\u0142ug\u0119 i zamontowane urz\u0105dzenie mog\u0105 zawsze sprawdzi\u0107 gdzie znajdowa\u0142 si\u0119 ich pojazd, gdzie [&hellip;]<\/p>\n","protected":false},"author":1,"featured_media":0,"parent":69,"menu_order":100,"comment_status":"closed","ping_status":"closed","template":"","meta":{"footnotes":""},"class_list":["post-276","page","type-page","status-publish","hentry"],"_links":{"self":[{"href":"http:\/\/flyelectronics.eu\/index.php\/wp-json\/wp\/v2\/pages\/276","targetHints":{"allow":["GET"]}}],"collection":[{"href":"http:\/\/flyelectronics.eu\/index.php\/wp-json\/wp\/v2\/pages"}],"about":[{"href":"http:\/\/flyelectronics.eu\/index.php\/wp-json\/wp\/v2\/types\/page"}],"author":[{"embeddable":true,"href":"http:\/\/flyelectronics.eu\/index.php\/wp-json\/wp\/v2\/users\/1"}],"replies":[{"embeddable":true,"href":"http:\/\/flyelectronics.eu\/index.php\/wp-json\/wp\/v2\/comments?post=276"}],"version-history":[{"count":1,"href":"http:\/\/flyelectronics.eu\/index.php\/wp-json\/wp\/v2\/pages\/276\/revisions"}],"predecessor-version":[{"id":280,"href":"http:\/\/flyelectronics.eu\/index.php\/wp-json\/wp\/v2\/pages\/276\/revisions\/280"}],"up":[{"embeddable":true,"href":"http:\/\/flyelectronics.eu\/index.php\/wp-json\/wp\/v2\/pages\/69"}],"wp:attachment":[{"href":"http:\/\/flyelectronics.eu\/index.php\/wp-json\/wp\/v2\/media?parent=276"}],"curies":[{"name":"wp","href":"https:\/\/api.w.org\/{rel}","templated":true}]}}